{"id":362,"date":"2017-06-26T14:42:37","date_gmt":"2017-06-26T12:42:37","guid":{"rendered":"http:\/\/www.dieflieger.de\/records1\/wordpress\/versandarten\/"},"modified":"2017-06-27T10:46:11","modified_gmt":"2017-06-27T08:46:11","slug":"versandarten","status":"publish","type":"page","link":"https:\/\/www.dieflieger.de\/records1\/wordpress\/versandarten\/","title":{"rendered":"Versandarten"},"content":{"rendered":"<div class=\"art-postmetadataheader\">\n<h2 class=\"art-postheader\">Lieferung &amp; Zahlung<\/h2>\n<\/div>\n<div class=\"divtext1\">\n<p>Wir versenden innerdeutsch gegen eine Versandkostenpauschale von 3,00 \u20ac. Poster werden getennt versendet (Rollenversand) gegen eine Pauschale von 6,00\u20ac. Die Lieferung erfolgt mit einem geeigneten Dienstleister, zumeist mit der M\u00f6glichkeit der Sendungsverfolgung.Die Lieferzeit betr\u00e4gt bei Verf\u00fcgbarkeit ca. 3 Werktage. Bestellungen, die uns werktags bis 12.00 Uhr erreichen, werden in der Regel am gleichen Tag versandt. Auf evtl. abweichende\u00a0Lieferzeiten weisen wir auf der jeweiligen Produktseite hin.<\/p>\n<p>Zahlung<\/p>\n<p>Die Zahlung erfolgt wahlweise via PayPal, gegen Vorkasse oder Rechnung<\/p>\n<p>Ein Recht zur Aufrechnung steht Ihnen nur dann zu, wenn Ihre Gegenanspr\u00fcche rechtskr\u00e4ftig gerichtlich festgestellt oder unbestritten\u00a0sind oder schriftlich durch uns anerkannt wurden.<\/p>\n<p>Sie k\u00f6nnen ein Zur\u00fcckbehaltungsrecht nur aus\u00fcben, soweit die Anspr\u00fcche aus dem gleichen Vertragsverh\u00e4ltnis resultieren.<\/p>\n<p>Eigentumsvorbehalt<\/p>\n<p>Bis zur vollst\u00e4ndigen Zahlung bleibt die Ware unser Eigentum.<\/p>\n<\/div>\n","protected":false},"excerpt":{"rendered":"<p>Lieferung &amp; Zahlung Wir versenden innerdeutsch gegen eine Versandkostenpauschale von 3,00 \u20ac. Poster werden getennt versendet (Rollenversand) gegen eine Pauschale von 6,00\u20ac. Die Lieferung erfolgt mit einem geeigneten Dienstleister, zumeist mit der M\u00f6glichkeit der Sendungsverfolgung.Die Lieferzeit betr\u00e4gt bei Verf\u00fcgbarkeit ca. 3 Werktage. Bestellungen, die uns werktags bis 12.00 Uhr erreichen, werden in der Regel am &hellip; <\/p>\n<p class=\"link-more\"><a href=\"https:\/\/www.dieflieger.de\/records1\/wordpress\/versandarten\/\" class=\"more-link\"><span class=\"screen-reader-text\">\u201eVersandarten\u201c<\/span> weiterlesen<\/a><\/p>\n","protected":false},"author":1,"featured_media":0,"parent":0,"menu_order":0,"comment_status":"closed","ping_status":"closed","template":"","meta":{"footnotes":""},"class_list":["post-362","page","type-page","status-publish","hentry"],"_links":{"self":[{"href":"https:\/\/www.dieflieger.de\/records1\/wordpress\/wp-json\/wp\/v2\/pages\/362"}],"collection":[{"href":"https:\/\/www.dieflieger.de\/records1\/wordpress\/wp-json\/wp\/v2\/pages"}],"about":[{"href":"https:\/\/www.dieflieger.de\/records1\/wordpress\/wp-json\/wp\/v2\/types\/page"}],"author":[{"embeddable":true,"href":"https:\/\/www.dieflieger.de\/records1\/wordpress\/wp-json\/wp\/v2\/users\/1"}],"replies":[{"embeddable":true,"href":"https:\/\/www.dieflieger.de\/records1\/wordpress\/wp-json\/wp\/v2\/comments?post=362"}],"version-history":[{"count":3,"href":"https:\/\/www.dieflieger.de\/records1\/wordpress\/wp-json\/wp\/v2\/pages\/362\/revisions"}],"predecessor-version":[{"id":404,"href":"https:\/\/www.dieflieger.de\/records1\/wordpress\/wp-json\/wp\/v2\/pages\/362\/revisions\/404"}],"wp:attachment":[{"href":"https:\/\/www.dieflieger.de\/records1\/wordpress\/wp-json\/wp\/v2\/media?parent=362"}],"curies":[{"name":"wp","href":"https:\/\/api.w.org\/{rel}","templated":true}]}}