{"id":597,"date":"2017-07-18T11:38:01","date_gmt":"2017-07-18T09:38:01","guid":{"rendered":"http:\/\/www.dieflieger.de\/records1\/wordpress\/?page_id=597"},"modified":"2017-07-18T11:46:54","modified_gmt":"2017-07-18T09:46:54","slug":"bun-jon-the-big-jive","status":"publish","type":"page","link":"https:\/\/www.dieflieger.de\/records1\/wordpress\/kuenstler\/bun-jon-the-big-jive\/","title":{"rendered":"Bun-Jon &#038; The Big Jive"},"content":{"rendered":"<p><a href=\"http:\/\/www.dieflieger.de\/records1\/wordpress\/wp-content\/uploads\/bun-jon_1.jpg\"><img fetchpriority=\"high\" decoding=\"async\" src=\"http:\/\/www.dieflieger.de\/records1\/wordpress\/wp-content\/uploads\/bun-jon_1-1024x683.jpg\" alt=\"bun-jon_1\" width=\"525\" height=\"350\" class=\"aligncenter size-large wp-image-599\" srcset=\"https:\/\/www.dieflieger.de\/records1\/wordpress\/wp-content\/uploads\/bun-jon_1-1024x683.jpg 1024w, https:\/\/www.dieflieger.de\/records1\/wordpress\/wp-content\/uploads\/bun-jon_1-300x200.jpg 300w, https:\/\/www.dieflieger.de\/records1\/wordpress\/wp-content\/uploads\/bun-jon_1-768x512.jpg 768w, https:\/\/www.dieflieger.de\/records1\/wordpress\/wp-content\/uploads\/bun-jon_1.jpg 1404w\" sizes=\"(max-width: 525px) 100vw, 525px\" \/><\/a><\/p>\n<p><span style=\"color: #333333;\">Unser Repertoire und der erfrischende Sound begeistert Zuh\u00f6rer und T\u00e4nzer gleicherma\u00dfen \u00a0vom Fleck weg. Wir interpretieren unter anderem die Musik von Louis Jordan, Nat King Cole, Ray Charles bis\u00a0hin zu Ray Collins. Eben alles was Swing, Groove, Drive und Jive hat. An den Instrumenten haben wir 6 gro\u00dfartige Musiker und Bun-Jon, selbst dem Swingtanz verfallen, wei\u00df genau wie man den Rhythmus auf das Publikum \u00fcberspringen l\u00e4sst<em>.<\/em><\/span><\/p>\n<div class=\"vc_col-sm-6 wpb_column vc_column_container \">\n<div class=\"wpb_wrapper\">\n<div class=\"wpb_text_column wpb_content_element \">\n<div class=\"wpb_wrapper\">\n<p><span style=\"color: #333333;\"><strong>Stefan Back, Udo Kern &#038; Michael Nix,<\/strong> Horn Section<\/span><br \/>\n<span style=\"color: #333333;\"> <strong>Rainer Frank,<\/strong> Piano<\/span><br \/>\n<span style=\"color: #333333;\"> <strong>Guido J\u00e4ger,<\/strong> Double Bass<br \/>\n<strong>Matthias Friedel,<\/strong> Drums<\/span><br \/>\n<span style=\"color: #333333;\"> <strong>Mario Stresow,<\/strong> Guitar<\/span><br \/>\n<span style=\"color: #333333;\"> <strong>Bun-Jon Winkelmann,<\/strong> Vocals<\/span><\/p>\n<\/div>\n<\/div>\n<\/div>\n<\/div>\n<p><a href=\"http:\/\/www.dieflieger.de\/records1\/wordpress\/kuenstler\/bun-jon-the-big-jive\/discografie\/\">Discografie<\/a><\/p>\n","protected":false},"excerpt":{"rendered":"<p>Unser Repertoire und der erfrischende Sound begeistert Zuh\u00f6rer und T\u00e4nzer gleicherma\u00dfen \u00a0vom Fleck weg. Wir interpretieren unter anderem die Musik von Louis Jordan, Nat King Cole, Ray Charles bis\u00a0hin zu Ray Collins. Eben alles was Swing, Groove, Drive und Jive hat. An den Instrumenten haben wir 6 gro\u00dfartige Musiker und Bun-Jon, selbst dem Swingtanz verfallen, &hellip; <\/p>\n<p class=\"link-more\"><a href=\"https:\/\/www.dieflieger.de\/records1\/wordpress\/kuenstler\/bun-jon-the-big-jive\/\" class=\"more-link\"><span class=\"screen-reader-text\">\u201eBun-Jon &#038; The Big Jive\u201c<\/span> weiterlesen<\/a><\/p>\n","protected":false},"author":1,"featured_media":0,"parent":17,"menu_order":0,"comment_status":"closed","ping_status":"closed","template":"","meta":{"footnotes":""},"class_list":["post-597","page","type-page","status-publish","hentry"],"_links":{"self":[{"href":"https:\/\/www.dieflieger.de\/records1\/wordpress\/wp-json\/wp\/v2\/pages\/597"}],"collection":[{"href":"https:\/\/www.dieflieger.de\/records1\/wordpress\/wp-json\/wp\/v2\/pages"}],"about":[{"href":"https:\/\/www.dieflieger.de\/records1\/wordpress\/wp-json\/wp\/v2\/types\/page"}],"author":[{"embeddable":true,"href":"https:\/\/www.dieflieger.de\/records1\/wordpress\/wp-json\/wp\/v2\/users\/1"}],"replies":[{"embeddable":true,"href":"https:\/\/www.dieflieger.de\/records1\/wordpress\/wp-json\/wp\/v2\/comments?post=597"}],"version-history":[{"count":4,"href":"https:\/\/www.dieflieger.de\/records1\/wordpress\/wp-json\/wp\/v2\/pages\/597\/revisions"}],"predecessor-version":[{"id":604,"href":"https:\/\/www.dieflieger.de\/records1\/wordpress\/wp-json\/wp\/v2\/pages\/597\/revisions\/604"}],"up":[{"embeddable":true,"href":"https:\/\/www.dieflieger.de\/records1\/wordpress\/wp-json\/wp\/v2\/pages\/17"}],"wp:attachment":[{"href":"https:\/\/www.dieflieger.de\/records1\/wordpress\/wp-json\/wp\/v2\/media?parent=597"}],"curies":[{"name":"wp","href":"https:\/\/api.w.org\/{rel}","templated":true}]}}