{"id":725,"date":"2018-05-29T10:13:30","date_gmt":"2018-05-29T08:13:30","guid":{"rendered":"https:\/\/www.dieflieger.de\/records1\/wordpress\/?page_id=725"},"modified":"2018-05-29T11:09:51","modified_gmt":"2018-05-29T09:09:51","slug":"the-coast-guards","status":"publish","type":"page","link":"https:\/\/www.dieflieger.de\/records1\/wordpress\/kuenstler\/the-coast-guards\/","title":{"rendered":"The Coast Guards"},"content":{"rendered":"<p><a href=\"https:\/\/www.dieflieger.de\/records1\/wordpress\/wp-content\/uploads\/band_web.jpg\"><img fetchpriority=\"high\" decoding=\"async\" src=\"https:\/\/www.dieflieger.de\/records1\/wordpress\/wp-content\/uploads\/band_web.jpg\" alt=\"coastguards\" width=\"900\" height=\"506\" class=\"aligncenter size-full wp-image-727\" srcset=\"https:\/\/www.dieflieger.de\/records1\/wordpress\/wp-content\/uploads\/band_web.jpg 900w, https:\/\/www.dieflieger.de\/records1\/wordpress\/wp-content\/uploads\/band_web-300x169.jpg 300w, https:\/\/www.dieflieger.de\/records1\/wordpress\/wp-content\/uploads\/band_web-768x432.jpg 768w\" sizes=\"(max-width: 706px) 89vw, (max-width: 767px) 82vw, 740px\" \/><\/a><\/p>\n<div id=\"cc-m-7321291764\" class=\"j-module n j-text \">\n<p style=\"text-align: left;\"><span style=\"color: #000000; font-size: 20px;\"><span style=\"color: #000000; font-size: 20px;\">Rock &#8217;n&#8216; Roll &#038; Rockabilly &#8222;Made in Kiel&#8220;<\/span><\/span><\/p>\n<p style=\"text-align: left;\"><span style=\"color: #000000; font-size: 20px;\">\u00a0<\/span><\/p>\n<p style=\"text-align: left;\"><span style=\"color: #000000; font-size: 20px;\"><span style=\"color: #000000; font-size: 20px;\"><span style=\"color: #000000; font-size: 20px;\">Es begab sich im Jahre 2012, als sich die f\u00fcnf Jungs aus der sch\u00f6nen K\u00fcstenstadt Kiel entschlossen, die Instrumente in die Hand zu nehmen und die Meere des Rock&#8217;n&#8217;Roll zu erobern.<\/span><\/span><\/span><\/p>\n<p style=\"text-align: left;\"><span style=\"color: #000000; font-size: 20px;\">Man nennt sie die \u201eRockabilly-K\u00fcstenwache&#8220;, denn die B\u00fchne ist ihr Schiff. \u00a0Mit individuell interpretierten Coversongs, aber auch mit eigenem Liedgut verk\u00f6rpern sie die Musik der &#8217;50er Jahre &#8211; mit neuem Anstrich.<\/span><\/p>\n<p style=\"text-align: left;\"><span style=\"color: #000000; font-size: 20px;\">\u00a0<\/span><\/p>\n<p style=\"text-align: left;\"><span style=\"color: #000000; font-size: 20px;\">Es ist der stomping Beat, sowie der individuelle herbe und doch\u00a0brillante Sound, der die Coast Guards ausmacht.\u00a0Ob auf Festivals, in Kellerclubs, Stra\u00dfenfesten, aber auch auf Firmenveranstaltungen, Bikerparties oder privaten Festen: Es gibt keine B\u00fchne, die sie nicht entern.<\/span><\/p>\n<p style=\"text-align: left;\"><span style=\"color: #000000; font-size: 20px;\">\u00a0<\/span><\/p>\n<p style=\"text-align: left;\"><span style=\"color: #000000; font-size: 20px;\">Coast Guards, Ahoi!<span style=\"color: #000000;\"><span style=\"color: #000000;\">\u00a0<\/span><\/span><\/span><\/p>\n<\/div>\n<p><a href=\"https:\/\/www.dieflieger.de\/records1\/wordpress\/kuenstler\/the-coast-guards\/discografie\/\">Discografie<\/a><\/p>\n","protected":false},"excerpt":{"rendered":"<p>Rock &#8217;n&#8216; Roll &#038; Rockabilly &#8222;Made in Kiel&#8220; \u00a0 Es begab sich im Jahre 2012, als sich die f\u00fcnf Jungs aus der sch\u00f6nen K\u00fcstenstadt Kiel entschlossen, die Instrumente in die Hand zu nehmen und die Meere des Rock&#8217;n&#8217;Roll zu erobern. Man nennt sie die \u201eRockabilly-K\u00fcstenwache&#8220;, denn die B\u00fchne ist ihr Schiff. \u00a0Mit individuell interpretierten Coversongs, &hellip; <\/p>\n<p class=\"link-more\"><a href=\"https:\/\/www.dieflieger.de\/records1\/wordpress\/kuenstler\/the-coast-guards\/\" class=\"more-link\"><span class=\"screen-reader-text\">\u201eThe Coast Guards\u201c<\/span> weiterlesen<\/a><\/p>\n","protected":false},"author":1,"featured_media":0,"parent":17,"menu_order":0,"comment_status":"closed","ping_status":"closed","template":"","meta":{"footnotes":""},"class_list":["post-725","page","type-page","status-publish","hentry"],"_links":{"self":[{"href":"https:\/\/www.dieflieger.de\/records1\/wordpress\/wp-json\/wp\/v2\/pages\/725"}],"collection":[{"href":"https:\/\/www.dieflieger.de\/records1\/wordpress\/wp-json\/wp\/v2\/pages"}],"about":[{"href":"https:\/\/www.dieflieger.de\/records1\/wordpress\/wp-json\/wp\/v2\/types\/page"}],"author":[{"embeddable":true,"href":"https:\/\/www.dieflieger.de\/records1\/wordpress\/wp-json\/wp\/v2\/users\/1"}],"replies":[{"embeddable":true,"href":"https:\/\/www.dieflieger.de\/records1\/wordpress\/wp-json\/wp\/v2\/comments?post=725"}],"version-history":[{"count":6,"href":"https:\/\/www.dieflieger.de\/records1\/wordpress\/wp-json\/wp\/v2\/pages\/725\/revisions"}],"predecessor-version":[{"id":744,"href":"https:\/\/www.dieflieger.de\/records1\/wordpress\/wp-json\/wp\/v2\/pages\/725\/revisions\/744"}],"up":[{"embeddable":true,"href":"https:\/\/www.dieflieger.de\/records1\/wordpress\/wp-json\/wp\/v2\/pages\/17"}],"wp:attachment":[{"href":"https:\/\/www.dieflieger.de\/records1\/wordpress\/wp-json\/wp\/v2\/media?parent=725"}],"curies":[{"name":"wp","href":"https:\/\/api.w.org\/{rel}","templated":true}]}}